*2 - 13*h + 79. Let x be o(9). Let v = 1367 + x. List the prime factors of v.
2, 3, 127
Let a(v) = -340*v - 1481. List the prime factors of a(-7).
29, 31
Let w(m) = 1256*m + 9. Let z be w(1). Let p = z - 237. What are the prime factors of p?
2, 257
Let n be 10/6 - 7/(-3). Let u(j) = 42*j**2 + 6*j - 17. What are the prime factors of u(n)?
7, 97
Let i(t) = t**3 + 7*t**2 + 4*t - 1. Suppose -8 = 4*z - c + 19, 3*z + 3 = -5*c. Let x be i(z). Suppose 535 = 4*m + x. What are the prime factors of m?
131
Suppose -3*b + 12919 = -3*f - 1772, 2*b - 4*f - 9788 = 0. What are the prime factors of b?
2, 5, 7
Let a be ((-60)/(-25))/4*-5. Let b(h) = -16 - 3*h**2 + 14 + 4*h**2. List the prime factors of b(a).
7
Let q = 3176 - 1422. List the prime factors of q.
2, 877
Let u(d) = -48*d**2 + d + 32. Let s(i) = 48*i**2 - 31. Let n(x) = 7*s(x) + 6*u(x). What are the prime factors of n(4)?
13, 59
Let q(w) be the first derivative of 5*w**3/3 - 7*w**2/2 - 29*w - 53. List the prime factors of q(-6).
193
Suppose 45*t + 17007 = 48*t - y, -2*t + 4*y + 11328 = 0. What are the prime factors of t?
2, 3, 5, 7
Suppose 0 = -3*m - 21, 0 = 2*q - 51*m + 56*m - 84629. List the prime factors of q.
2, 19, 557
What are the prime factors of 102/(-4)*43120/(-132)?
2, 5, 7, 17
Let m(r) = -r**3 + 12*r**2 - 6*r - 6. Let j = 40 + -31. Let k be m(j). Suppose k = 2*l + l. What are the prime factors of l?
61
Suppose 0 = 27*f + 6*f - 9075. Suppose 262*v - f*v = -23049. What are the prime factors of v?
3, 197
Let d(m) = -m**3 + 17*m**2 + 20*m - 33. Let i be d(18). Suppose -l - i = 0, -7*l - 346 = -v - 10*l. What are the prime factors of v?
5, 71
Let f = -2761769 - -1883073. What are the prime factors of (-1)/15 - f/840?
2, 523
Let d = -352 + 365. Suppose -318 = d*j - 1059. What are the prime factors of j?
3, 19
Let x(s) = 5*s**3 - 23*s**2 + 73*s - 785. List the prime factors of x(17).
2, 9187
Suppose 5*m - 7*m = -2*u + 3848, -7696 = -4*u - 3*m. Let o = u - 1057. What are the prime factors of o?
3, 17
Suppose -5*k + 6*k = 4*p - 57, 3*k - 2*p + 161 = 0. Let q = k + 57. Suppose -380 = -5*m - 0*o + o, -313 = -q*m - o. What are the prime factors of m?
7, 11
Let w(j) = j**2 + 8*j - 60. Let i(p) = 8*p - 59. Suppose 14*y + 12 = 18*y. Let m(b) = y*w(b) - 2*i(b). List the prime factors of m(-10).
2, 79
Let v = 191 - -21471. List the prime factors of v.
2, 10831
Suppose x = 11 - 14. Let r = 6 + x. Suppose v + 154 = r*v. List the prime factors of v.
7, 11
Let q(g) = 1083*g**3 - 45*g**2 + 121*g + 16. What are the prime factors of q(3)?
5, 5843
Let b(k) = -10*k - 2*k**2 + 17 + 4*k**2 + 7*k - 8*k. Suppose -y - 2 = 0, 5*w - y = 3*w + 22. List the prime factors of b(w).
107
Suppose -8*g = -28*g - 30496 + 91316. What are the prime factors of g?
3041
Suppose c = 8 - 11, 0 = -2*j + 2*c - 124. What are the prime factors of j/(-13) - 2/2 - -536?
2, 3, 5
Suppose -31844 = -2*o + 2*p, -2660 = 2*p - 2658. What are the prime factors of o?
3, 29, 61
Let i be 2 + -5 - (-1)/((-3)/(-37086)). Suppose -i = -6*m + 22501. List the prime factors of m/49 - (-1 + 11/7).
2, 59
Let i = -9 + 45. Suppose -o + 5*o = i. Suppose 952 = -2*q + o*q. What are the prime factors of q?
2, 17
Let l = 530 + -520. Suppose 23*f - 377 = l*f. What are the prime factors of f?
29
Let v(h) = -2*h**3 - 9*h**2 - 7*h - 17. Let l be v(-9). Suppose -l - 530 = -29*a. What are the prime factors of a?
3, 5
Suppose 25*w = 6*w - 14193. Let z = w + 1400. What are the prime factors of z?
653
Let x(y) = y**3 + 10*y**2 + 9*y - 2. Let r(i) = -3*i + 69. Let n be r(25). List the prime factors of x(n).
2, 11
Let u(v) = v**3 + 5*v**2 - 4*v - 8. Let f be u(-4). Let d(g) = 10*g + 14*g + f - 22*g. What are the prime factors of d(12)?
2, 3
Suppose 0 = -12*y + 73 + 167. What are the prime factors of 36980/25 - 8*(-2)/y?
2, 5, 37
What are the prime factors of 13 + (129*-1398)/(-6)?
2, 5, 31, 97
Let g be 27*(-69)/(-18)*4. Let q(u) = 23*u - 19. Let x be q(11). Let l = g - x. What are the prime factors of l?
2, 3, 5
Suppose 0 = 4*m + 5 - 53. Let y be 8/6*m/8. Suppose -y*b + 4*p = -178, -4*b + 429 = b - 2*p. List the prime factors of b.
5, 17
Suppose -108*d + 61*d = -296335. What are the prime factors of d?
5, 13, 97
Suppose -5*y + 3303872 = 121*y - 22*y. What are the prime factors of y?
2, 11, 19
Let b be (5 + -13 - -4) + 6. Suppose b*a - 221 = 57. List the prime factors of a.
139
Let q = -8646 + 13758. What are the prime factors of q?
2, 3, 71
Suppose 0*f + 2 = -f + 3*u, 3*u - 3 = 0. Let d be (17 + f)*(-113)/3. List the prime factors of 55/44 - d/8.
2, 43
Let w(q) = -q**3 + 45*q**2 + 50*q - 102. List the prime factors of w(35).
2, 6949
Let c(q) = -21*q**2 + 52. Let f be c(7). Let d = f - -1561. List the prime factors of d.
2, 73
Let p = -707 + 686. List the prime factors of ((-27)/(-18))/(p/(-12488)).
2, 223
Let w be (-1 - 0)/(8/8). Let v be w + -2 - (4 - 127). What are the prime factors of (1 + 0)*(v + -1)?
7, 17
Let l(w) = 79 + 13*w**2 - 13*w + w**2 - 76 - w**3. Let q be l(13). Suppose 0 = g + 2*v + q - 17, -v = 2. List the prime factors of g.
2, 3
What are the prime factors of 9 + -12 + 6 + (-5456 + -8)/(-1)?
7, 11, 71
Let j(t) = 3*t**3 - 4*t**2 + 2*t + 1. Let n = 14 - 13. Let o be j(n). List the prime factors of 196/3 + -9*o/(-27).
2, 3, 11
Suppose -5*w = 182*j - 179*j - 1145, 0 = -3*w + 2*j + 668. What are the prime factors of w?
2, 113
Let o(g) = -g**3 + 51*g**2 - 72*g - 511. What are the prime factors of o(41)?
3, 1483
Let p = -506 - -508. List the prime factors of (40 - -1124) + (p - 0) + -5.
3, 43
Let l = -67 - 381. Let u = -319 + l. Let m = -530 - u. List the prime factors of m.
3, 79
Suppose 10002 = 32*j - 29*j. List the prime factors of j.
2, 1667
What are the prime factors of 13/(-28) - (-2)/(-7) - (-2828166)/264?
2, 13, 103
Suppose 17*l - 22*l - 405 = 5*q, -q = 5*l + 413. Let s = -24 - l. What are the prime factors of s?
59
Let r(w) = -6*w - 159*w**2 + 157*w**2 - 4 + w**3 + 7 + 5*w**3 - 3*w**3. List the prime factors of r(4).
139
Suppose 11*v - 8*v - 66 = 0. What are the prime factors of (-4)/v + 379340/572?
3, 13, 17
Let t = -188 + 1696. Suppose 3*a = 4*w + t + 2573, -6767 = -5*a - 2*w. What are the prime factors of a?
5, 271
List the prime factors of (-9)/(-2)*(-27377)/(-42)*4.
3, 3911
Suppose 9*x - 182 = 2*x. Suppose 0 = -58*g + x*g + 14272. List the prime factors of g.
2, 223
Let t = -9199 + 19998. List the prime factors of t.
10799
Let q(g) = 21*g + 0*g + 14*g - 146 + 70*g. What are the prime factors of q(16)?
2, 13, 59
Let m(o) = o**2 - 5*o - 43. Let l be m(10). What are the prime factors of 20385/(-180)*(-1 - l)?
2, 3, 151
Let j(p) = -40*p - 167. Let q be j(-5). Let z(y) = 14*y**2 + 3*y + 6. Let u be z(-6). Suppose -q = -5*c + u. List the prime factors of c.
3, 5, 7
Suppose l + 26*k - 29*k - 16321 = 0, -2*k - 81553 = -5*l. What are the prime factors of l?
47, 347
Let h = 18786 + 18057. List the prime factors of h.
3, 12281
Let t(s) = 3*s**2 - 1. Let p be t(-1). Suppose -p*b - 1946 = -4*a, -4*a = 2*b - 888 - 1038. What are the prime factors of a?
2, 11
Suppose 2*u - 18*u = -113*u + 1640561. What are the prime factors of u?
13, 1301
Let p(v) = -2938*v + 4462. List the prime factors of p(-7).
2, 6257
Suppose -43*i + 333336 = -310632. List the prime factors of i.
2, 3, 13
Let s(r) = -r**2 + r. Let t be s(0). Suppose -v - 5*z = -315 - 626, 4*v + z - 3783 = t. What are the prime factors of v?
2, 11, 43
Suppose 5*z - 113833 = -2*j, 2*j - 113839 = -124*z + 125*z. List the prime factors of j.
3, 18973
List the prime factors of -13 - (-12179 + (-18 - -8)).
2, 761
Let k = 16 + -13. Suppose -3*f - k = b, b + 2*b = -f - 1. Suppose -3 = -t - s, b = -3*t + 5*s - 6 + 15. List the prime factors of t.
3
Let s = 4450 - -876. What are the prime factors of s?
2, 2663
Suppose -36 = -l + 19. Suppose -386 = -3*a - 5*f, a = -f + 77 + l. What are the prime factors of a?
137
Let j(c) = -185 - 190 - 411*c**3 + 380 + 5*c + c**2. List the prime factors of j(-1).
2, 103
Let b be (-10)/35 + (-254)/(-7). Suppose -3*d + b = -t, t - 6*t = 3*d - 54. Suppose d*w - 120 = 11*w. What are the prime factors of w?
2, 3, 5
Let p(k) = k**3 + 11*k**2 - 13*k - 3. Let h be p(-12). Suppose 2*i + 3*i = -z + 236, z + 140 = 3*i. Let d = i - h. What are the prime factors of d?
2, 19
Let l be 0/(2 - -1) + 826. L